{"id":63,"date":"2023-09-01T00:02:52","date_gmt":"2023-08-31T22:02:52","guid":{"rendered":"https:\/\/echecs-vanves.fr\/?page_id=63"},"modified":"2025-09-10T11:46:58","modified_gmt":"2025-09-10T09:46:58","slug":"inscription","status":"publish","type":"page","link":"https:\/\/echecs-vanves.fr\/index.php\/inscription\/","title":{"rendered":"Inscription"},"content":{"rendered":"\n<p>La <strong>cotisation<\/strong> pour devenir membre du club est fix\u00e9e \u00e0 <strong>100\u20ac <\/strong>\u00e0 laquelle <strong>s&rsquo;ajoute le prix de la licence f\u00e9d\u00e9rale<\/strong> qui varie selon que celle-ci permet de jouer en comp\u00e9tition (A), ou \u00e0 titre de loisirs (B) et l&rsquo;\u00e2ge du joueur.<\/p>\n\n\n\n<p>Le co\u00fbt de la licence est disponible sur le site de la f\u00e9d\u00e9ration fran\u00e7aise d\u2019\u00e9checs rubrique Tarifs d&rsquo;affiliation par ligue <a href=\"http:\/\/www.echecs.asso.fr\/Tarifs.aspx\" data-type=\"link\" data-id=\"http:\/\/www.echecs.asso.fr\/Default.aspx?Cat=14\">ici<\/a>.<\/p>\n\n\n\n<p>Le tarif de la ligue d\u2019Ile de France est le suivant&nbsp;:<\/p>\n\n\n\n<p>Licence A &#8211; comp\u00e9tition<\/p>\n\n\n\n<figure class=\"wp-block-table\"><table><tbody><tr><td>Cat\u00e9gorie<\/td><td>Age<\/td><td>Tarifs<\/td><\/tr><tr><td>U8 petit poussin (ppo) U10 poussin (pou) U12 pupille (pup<\/td><td>Jusqu\u2019\u00e0 7 ans 8 ou 9 ans 10 ou 11 ans<\/td><td>17\u20ac<\/td><\/tr><tr><td>U14 benjamin (ben) U16 minime (min)<\/td><td>12 ou 13 ans 14 ou 15 ans<\/td><td>19\u20ac<\/td><\/tr><tr><td>U18 cadet (cad) U20 junior (jun)<\/td><td>16 ou 17 ans 18 ou 19 ans<\/td><td>26\u20ac<\/td><\/tr><tr><td>V\u00e9t\u00e9ran (Vet) S\u00e9nior plus (Sep) S\u00e9nior (Sen)<\/td><td>20 \u00e0 49 ans 50 \u00e0 64 ans 65 ans ou plus<\/td><td>50\u20ac<\/td><\/tr><\/tbody><\/table><\/figure>\n\n\n\n<p>Licence B &#8211; loisir<\/p>\n\n\n\n<figure class=\"wp-block-table\"><table><tbody><tr><td>Cat\u00e9gorie<\/td><td>Tarifs<\/td><\/tr><tr><td>Jeune<\/td><td>3\u20ac<\/td><\/tr><tr><td>V\u00e9t\u00e9ran (Vet) S\u00e9nior plus (Sep) S\u00e9nior (Sen)<\/td><td><br>9\u20ac<\/td><\/tr><\/tbody><\/table><\/figure>\n\n\n\n<p>Pour effectuer une demande d&rsquo;inscription, merci de remplir le formulaire suivant :<\/p>\n\n\n<style id=\"wpforms-css-vars-55-block-8e43979e-aa7b-4fb6-8b24-9133863d00b5\">\n\t\t\t\t#wpforms-55.wpforms-block-8e43979e-aa7b-4fb6-8b24-9133863d00b5 {\n\t\t\t\t--wpforms-field-size-input-height: 43px;\n--wpforms-field-size-input-spacing: 15px;\n--wpforms-field-size-font-size: 16px;\n--wpforms-field-size-line-height: 19px;\n--wpforms-field-size-padding-h: 14px;\n--wpforms-field-size-checkbox-size: 16px;\n--wpforms-field-size-sublabel-spacing: 5px;\n--wpforms-field-size-icon-size: 1;\n--wpforms-label-size-font-size: 16px;\n--wpforms-label-size-line-height: 19px;\n--wpforms-label-size-sublabel-font-size: 14px;\n--wpforms-label-size-sublabel-line-height: 17px;\n--wpforms-button-size-font-size: 17px;\n--wpforms-button-size-height: 41px;\n--wpforms-button-size-padding-h: 15px;\n--wpforms-button-size-margin-top: 10px;\n\t\t\t}\n\t\t\t<\/style><div class=\"wpforms-container wpforms-container-full wpforms-block wpforms-block-8e43979e-aa7b-4fb6-8b24-9133863d00b5 wpforms-render-modern\" id=\"wpforms-55\"><form id=\"wpforms-form-55\" class=\"wpforms-validate wpforms-form wpforms-ajax-form\" data-formid=\"55\" method=\"post\" enctype=\"multipart\/form-data\" action=\"\/index.php\/wp-json\/wp\/v2\/pages\/63\" data-token=\"eba0e729663caa194930c6c79499dbc8\" data-token-time=\"1777496549\"><noscript class=\"wpforms-error-noscript\">Veuillez activer JavaScript dans votre navigateur pour remplir ce formulaire.<\/noscript><div id=\"wpforms-error-noscript\" style=\"display: none;\">Veuillez activer JavaScript dans votre navigateur pour remplir ce formulaire.<\/div><div class=\"wpforms-field-container\"><div id=\"wpforms-55-field_2-container\" class=\"wpforms-field wpforms-field-name\" data-field-id=\"2\"><fieldset><legend class=\"wpforms-field-label\">Nom <span class=\"wpforms-required-label\" aria-hidden=\"true\">*<\/span><\/legend><div class=\"wpforms-field-row wpforms-field-medium\"><div class=\"wpforms-field-row-block wpforms-first wpforms-one-half\"><input type=\"text\" id=\"wpforms-55-field_2\" class=\"wpforms-field-name-first wpforms-field-required\" name=\"wpforms[fields][2][first]\" aria-errormessage=\"wpforms-55-field_2-error\" required><label for=\"wpforms-55-field_2\" class=\"wpforms-field-sublabel after\">Pr\u00e9nom<\/label><\/div><div class=\"wpforms-field-row-block wpforms-one-half\"><input type=\"text\" id=\"wpforms-55-field_2-last\" class=\"wpforms-field-name-last wpforms-field-required\" name=\"wpforms[fields][2][last]\" aria-errormessage=\"wpforms-55-field_2-last-error\" required><label for=\"wpforms-55-field_2-last\" class=\"wpforms-field-sublabel after\">Nom<\/label><\/div><\/div><\/fieldset><\/div><div id=\"wpforms-55-field_3-container\" class=\"wpforms-field wpforms-field-email\" data-field-id=\"3\"><label class=\"wpforms-field-label\" for=\"wpforms-55-field_3\">E-mail <span class=\"wpforms-required-label\" aria-hidden=\"true\">*<\/span><\/label><input type=\"email\" id=\"wpforms-55-field_3\" class=\"wpforms-field-medium wpforms-field-required\" name=\"wpforms[fields][3]\" spellcheck=\"false\" aria-errormessage=\"wpforms-55-field_3-error\" required><\/div><div id=\"wpforms-55-field_4-container\" class=\"wpforms-field wpforms-field-text\" data-field-id=\"4\"><label class=\"wpforms-field-label\" for=\"wpforms-55-field_4\">T\u00e9l\u00e9phone <span class=\"wpforms-required-label\" aria-hidden=\"true\">*<\/span><\/label><input type=\"text\" id=\"wpforms-55-field_4\" class=\"wpforms-field-medium wpforms-field-required\" name=\"wpforms[fields][4]\" aria-errormessage=\"wpforms-55-field_4-error\" required><\/div><div id=\"wpforms-55-field_8-container\" class=\"wpforms-field wpforms-field-text\" data-field-id=\"8\"><label class=\"wpforms-field-label\" for=\"wpforms-55-field_8\">Adresse<\/label><input type=\"text\" id=\"wpforms-55-field_8\" class=\"wpforms-field-medium\" name=\"wpforms[fields][8]\" aria-errormessage=\"wpforms-55-field_8-error\" ><\/div><div id=\"wpforms-55-field_7-container\" class=\"wpforms-field wpforms-field-text\" data-field-id=\"7\"><label class=\"wpforms-field-label\" for=\"wpforms-55-field_7\">Code postal<\/label><input type=\"text\" id=\"wpforms-55-field_7\" class=\"wpforms-field-medium\" name=\"wpforms[fields][7]\" aria-errormessage=\"wpforms-55-field_7-error\" ><\/div><div id=\"wpforms-55-field_6-container\" class=\"wpforms-field wpforms-field-text\" data-field-id=\"6\"><label class=\"wpforms-field-label\" for=\"wpforms-55-field_6\">Ville<\/label><input type=\"text\" id=\"wpforms-55-field_6\" class=\"wpforms-field-medium\" name=\"wpforms[fields][6]\" aria-errormessage=\"wpforms-55-field_6-error\" ><\/div><div id=\"wpforms-55-field_9-container\" class=\"wpforms-field wpforms-field-text\" data-field-id=\"9\"><label class=\"wpforms-field-label\" for=\"wpforms-55-field_9\">Date de naissance <span class=\"wpforms-required-label\" aria-hidden=\"true\">*<\/span><\/label><input type=\"text\" id=\"wpforms-55-field_9\" class=\"wpforms-field-medium wpforms-field-required\" name=\"wpforms[fields][9]\" aria-errormessage=\"wpforms-55-field_9-error\" required><\/div><div id=\"wpforms-55-field_13-container\" class=\"wpforms-field wpforms-field-select wpforms-field-select-style-classic\" data-field-id=\"13\"><label class=\"wpforms-field-label\" for=\"wpforms-55-field_13\">Merci d&#039;indiquer si vous souhaitez faire de la comp\u00e9tition :<\/label><select id=\"wpforms-55-field_13\" class=\"wpforms-field-medium\" name=\"wpforms[fields][13]\"><option value=\"Comp\u00e9tion\"  class=\"choice-1 depth-1\"  >Comp\u00e9tion<\/option><option value=\"Loisir\"  class=\"choice-2 depth-1\"  >Loisir<\/option><\/select><\/div><div id=\"wpforms-55-field_10-container\" class=\"wpforms-field wpforms-field-text\" data-field-id=\"10\"><label class=\"wpforms-field-label\" for=\"wpforms-55-field_10\">Num\u00e9ro de licence pour les licenci\u00e9s<\/label><input type=\"text\" id=\"wpforms-55-field_10\" class=\"wpforms-field-medium\" name=\"wpforms[fields][10]\" aria-errormessage=\"wpforms-55-field_10-error\" ><\/div><\/div><!-- .wpforms-field-container --><div class=\"wpforms-recaptcha-container wpforms-is-hcaptcha\" ><div class=\"h-captcha\" data-sitekey=\"4281b9fe-f743-462e-9351-93275e4a4202\"><\/div><input type=\"text\" name=\"g-recaptcha-hidden\" class=\"wpforms-recaptcha-hidden\" style=\"position:absolute!important;clip:rect(0,0,0,0)!important;height:1px!important;width:1px!important;border:0!important;overflow:hidden!important;padding:0!important;margin:0!important;\" data-rule-hcaptcha=\"1\"><\/div><div class=\"wpforms-submit-container\" ><input type=\"hidden\" name=\"wpforms[id]\" value=\"55\"><input type=\"hidden\" name=\"page_title\" value=\"\"><input type=\"hidden\" name=\"page_url\" value=\"https:\/\/echecs-vanves.fr\/index.php\/wp-json\/wp\/v2\/pages\/63\"><input type=\"hidden\" name=\"url_referer\" value=\"\"><button type=\"submit\" name=\"wpforms[submit]\" id=\"wpforms-submit-55\" class=\"wpforms-submit\" data-alt-text=\"Envoi...\" data-submit-text=\"Envoyer\" aria-live=\"assertive\" value=\"wpforms-submit\">Envoyer<\/button><img loading=\"lazy\" decoding=\"async\" src=\"https:\/\/echecs-vanves.fr\/wp-content\/plugins\/wpforms-lite\/assets\/images\/submit-spin.svg\" class=\"wpforms-submit-spinner\" style=\"display: none;\" width=\"26\" height=\"26\" alt=\"Chargement en cours\"><\/div><\/form><\/div>  <!-- .wpforms-container -->","protected":false},"excerpt":{"rendered":"<p>La cotisation pour devenir membre du club est fix\u00e9e \u00e0 100\u20ac \u00e0 laquelle s&rsquo;ajoute le prix de la licence f\u00e9d\u00e9rale qui varie selon que celle-ci permet de jouer en comp\u00e9tition (A), ou \u00e0 titre de loisirs (B) et l&rsquo;\u00e2ge du joueur. Le co\u00fbt de la licence est disponible sur le site de la f\u00e9d\u00e9ration fran\u00e7aise [&hellip;]<\/p>\n","protected":false},"author":2,"featured_media":0,"parent":0,"menu_order":0,"comment_status":"closed","ping_status":"closed","template":"","meta":{"_seopress_robots_primary_cat":"","_seopress_titles_title":"","_seopress_titles_desc":"","_seopress_robots_index":"","footnotes":""},"class_list":["post-63","page","type-page","status-publish","hentry"],"_links":{"self":[{"href":"https:\/\/echecs-vanves.fr\/index.php\/wp-json\/wp\/v2\/pages\/63","targetHints":{"allow":["GET"]}}],"collection":[{"href":"https:\/\/echecs-vanves.fr\/index.php\/wp-json\/wp\/v2\/pages"}],"about":[{"href":"https:\/\/echecs-vanves.fr\/index.php\/wp-json\/wp\/v2\/types\/page"}],"author":[{"embeddable":true,"href":"https:\/\/echecs-vanves.fr\/index.php\/wp-json\/wp\/v2\/users\/2"}],"replies":[{"embeddable":true,"href":"https:\/\/echecs-vanves.fr\/index.php\/wp-json\/wp\/v2\/comments?post=63"}],"version-history":[{"count":7,"href":"https:\/\/echecs-vanves.fr\/index.php\/wp-json\/wp\/v2\/pages\/63\/revisions"}],"predecessor-version":[{"id":268,"href":"https:\/\/echecs-vanves.fr\/index.php\/wp-json\/wp\/v2\/pages\/63\/revisions\/268"}],"wp:attachment":[{"href":"https:\/\/echecs-vanves.fr\/index.php\/wp-json\/wp\/v2\/media?parent=63"}],"curies":[{"name":"wp","href":"https:\/\/api.w.org\/{rel}","templated":true}]}}